{"id":17,"date":"2015-10-22T13:52:32","date_gmt":"2015-10-22T11:52:32","guid":{"rendered":"http:\/\/www.l-soft.at\/?page_id=17"},"modified":"2017-01-02T09:39:09","modified_gmt":"2017-01-02T08:39:09","slug":"software","status":"publish","type":"page","link":"https:\/\/www.l-soft.at\/?page_id=17","title":{"rendered":"Software"},"content":{"rendered":"<p><span style=\"color: #808080; font-family: Verdana; font-size: 14pt;\"><span class=\"Text\"><span style=\"font-size: medium;\"><a href=\"http:\/\/www.l-soft.at\/wp-content\/uploads\/2015\/10\/1.jpg\"><img loading=\"lazy\" class=\"alignnone  wp-image-16\" src=\"http:\/\/www.l-soft.at\/wp-content\/uploads\/2015\/10\/1-300x177.jpg\" alt=\"\" width=\"109\" height=\"64\" srcset=\"https:\/\/www.l-soft.at\/wp-content\/uploads\/2015\/10\/1-300x177.jpg 300w, https:\/\/www.l-soft.at\/wp-content\/uploads\/2015\/10\/1.jpg 451w\" sizes=\"(max-width: 109px) 100vw, 109px\" \/><\/a><strong><span style=\"font-family: Verdana, Geneva; font-size: 12pt;\"><span style=\"color: #808080; font-family: Verdana; font-size: small;\"><div class=\"su-animate\" style=\"opacity:0;-webkit-animation-duration:2s;-webkit-animation-delay:0s;animation-duration:2s;animation-delay:0s;\" data-animation=\"flipInX\" data-duration=\"2\" data-delay=\"0\"><\/span><span style=\"color: #333333;\"><span style=\"font-size: 14pt;\">\u00dcber 20 Jahre professionelle Erfahrung in der Entwicklung branchenspezifischer Anwendersoftware<\/span><span style=\"color: #808080; font-family: Verdana; font-size: small;\"><\/div><\/span><\/span><\/span><\/strong><\/span><\/span><\/span><\/p>\n<p><span style=\"color: #808080; font-family: Verdana, Geneva; font-size: 10pt;\"><span class=\"Text\"><div class=\"su-animate\" style=\"opacity:0;-webkit-animation-duration:1s;-webkit-animation-delay:0s;animation-duration:1s;animation-delay:0s;\" data-animation=\"bounceIn\" data-duration=\"1\" data-delay=\"0\">* Programmierung mit modernsten Entwicklungswerkzeugen<\/div>\n<\/span><\/span><span style=\"color: #808080; font-family: Verdana, Geneva; font-size: 10pt;\"><span class=\"Text\">* Unterst\u00fctzung aller g\u00e4ngigen Datenbanken<br \/>\n* Implementierung von Datenschnittstellen zu Fremdsystemen<br \/>\n<span style=\"color: #808080; font-family: Verdana; font-size: small;\"><div class=\"su-animate\" style=\"opacity:0;-webkit-animation-duration:1s;-webkit-animation-delay:0s;animation-duration:1s;animation-delay:0s;\" data-animation=\"bounceInLeft\" data-duration=\"1\" data-delay=\"0\">* Programmierung bzw. Verwendung externer Schnittstellen zu Fremdsystemen (RS323&#8230;)<\/div>\n* Laufende Zusammenarbeit w\u00e4hrend der Entwicklung mit dem Unternehmen zur optimalen Zielsetzung w\u00e4hrend des Entwicklungsprozesses<br \/>\n<div class=\"su-animate\" style=\"opacity:0;-webkit-animation-duration:1s;-webkit-animation-delay:0s;animation-duration:1s;animation-delay:0s;\" data-animation=\"flipInX\" data-duration=\"1\" data-delay=\"0\">* Schulungen und begleitende Unterst\u00fctzung w\u00e4hrend der Startphase<\/div>\n<span style=\"color: #808080; font-family: Verdana; font-size: small;\"><div class=\"su-animate\" style=\"opacity:0;-webkit-animation-duration:1s;-webkit-animation-delay:0s;animation-duration:1s;animation-delay:0s;\" data-animation=\"bounceInDown\" data-duration=\"1\" data-delay=\"0\"><\/span><span style=\"color: #808080; font-family: Verdana; font-size: small;\">* Laufende Betreuung innerhalb des Wartungsvertrages<\/div><\/span><\/span><br \/>\n<\/span><\/span><\/p>\n","protected":false},"excerpt":{"rendered":"<p>* Unterst\u00fctzung aller g\u00e4ngigen Datenbanken * Implementierung von Datenschnittstellen zu Fremdsystemen * Laufende Zusammenarbeit w\u00e4hrend der Entwicklung mit dem Unternehmen zur optimalen Zielsetzung w\u00e4hrend des Entwicklungsprozesses<\/p>\n","protected":false},"author":1,"featured_media":0,"parent":0,"menu_order":0,"comment_status":"closed","ping_status":"closed","template":"","meta":[],"_links":{"self":[{"href":"https:\/\/www.l-soft.at\/index.php?rest_route=\/wp\/v2\/pages\/17"}],"collection":[{"href":"https:\/\/www.l-soft.at\/index.php?rest_route=\/wp\/v2\/pages"}],"about":[{"href":"https:\/\/www.l-soft.at\/index.php?rest_route=\/wp\/v2\/types\/page"}],"author":[{"embeddable":true,"href":"https:\/\/www.l-soft.at\/index.php?rest_route=\/wp\/v2\/users\/1"}],"replies":[{"embeddable":true,"href":"https:\/\/www.l-soft.at\/index.php?rest_route=%2Fwp%2Fv2%2Fcomments&post=17"}],"version-history":[{"count":6,"href":"https:\/\/www.l-soft.at\/index.php?rest_route=\/wp\/v2\/pages\/17\/revisions"}],"predecessor-version":[{"id":73,"href":"https:\/\/www.l-soft.at\/index.php?rest_route=\/wp\/v2\/pages\/17\/revisions\/73"}],"wp:attachment":[{"href":"https:\/\/www.l-soft.at\/index.php?rest_route=%2Fwp%2Fv2%2Fmedia&parent=17"}],"curies":[{"name":"wp","href":"https:\/\/api.w.org\/{rel}","templated":true}]}}